the prime factors of z.
2, 3, 19
Suppose -31*a - 6864 = -55*a. What are the prime factors of a?
2, 11, 13
Let o(z) be the second derivative of -z**5/20 + 5*z**4/6 - 13*z**3/6 + 4*z**2 + 2*z. Let w be o(9). Let l = w + 46. What are the prime factors of l?
2, 3
Let s(k) = -k + 4*k**2 - 3*k**2 + 1 + 0*k. Suppose 4*w + 0*w = 12. List the prime factors of s(w).
7
Suppose 0 = 4*a - q + 606 - 10495, 0 = -2*a + 3*q + 4957. What are the prime factors of a?
7, 353
Let r(b) = b**3 - 9*b**2 + 10*b. Let t be r(8). Let l = 20 - t. List the prime factors of (-4 - (-53 - l)) + 3.
2, 7
Let l(p) = -12*p + 3. Let d be l(-2). Let k(i) = -12*i + d - 30 + 38*i. List the prime factors of k(1).
23
Suppose -3*h = -3 - 15. Suppose -r - 28 = -5*g, 3*r = 2*g + h*r - 1. Suppose -g*n + 10 = -4*n. What are the prime factors of n?
2, 5
Let f be 6/21 - 23/7. Let j be -5*(-1 - (-9)/f). Suppose -2*m = 3*m - j. What are the prime factors of m?
2
Let q(d) = 4*d**3 + 2*d**2 - 3*d + 1. Let i be q(1). Suppose -i*u + h = -517, -3*u + h + 405 = 6*h. Let g = -88 + u. List the prime factors of g.
2, 3, 7
What are the prime factors of (-4)/8*-2768 + -4?
2, 3, 5, 23
Suppose -495 = -4*o + o. Suppose -s + o = 4*k, -2*k + s = 18 - 93. What are the prime factors of (-248)/(-5) + (-24)/k?
7
Suppose 0 = 11*h - 16*h - 10. Let z = h + 12. What are the prime factors of z?
2, 5
Suppose -6*g = -8989 + 1087. List the prime factors of g.
3, 439
List the prime factors of ((-1779)/(-3) + -5)/1.
2, 3, 7
Suppose -4926 = 15*d - 19116. List the prime factors of d.
2, 11, 43
Let o(u) = u**2 + 2. Let t(k) = -4*k**2 - 7. Let w(q) = 7*o(q) + 2*t(q). Let b be w(0). List the prime factors of b/(1*-4) + 17.
17
Let f = 574 + 4530. What are the prime factors of f?
2, 11, 29
Let m(j) = -j - 1. Let b be m(1). Let h be (911/b + 3)*2. List the prime factors of h/(-35) - (-2)/14.
2, 13
Let g(t) = -t**3 - t**2 + 8*t + 3. Suppose 5*d - 8*y + 55 = -3*y, -45 = 5*d - 3*y. List the prime factors of g(d).
3, 5
Suppose -2*u + 6 = 28. List the prime factors of 6/(-7)*539/u.
2, 3, 7
Suppose 0 = q + 179 - 12. Let y = 250 + q. Let o = y - 51. List the prime factors of o.
2
Let a be (-4)/(-10) - 47376/(-60). Suppose 2*i + 3*g - 339 = 0, -5*i + 0*i + a = -4*g. What are the prime factors of i?
2, 3
Suppose p + 4 = -n, 0 = -3*p - 3*n + n - 10. Let r(f) = f + 4. Let t be r(p). Suppose -2*g + 10 = 2, t*d = -4*g + 84. What are the prime factors of d?
2, 17
Let v be 5/10*-10 + 544. Suppose -3*b = 62 - v. List the prime factors of b.
3, 53
Suppose 300 + 0 = 6*c. Suppose c*f - 47 = 49*f. List the prime factors of f.
47
Let u(n) = n**3 + 7*n**2 + 8*n + 14. Let s = 1 - 7. Let b be u(s). Suppose -f = f - 2*l - 62, 3*f - 93 = b*l. List the prime factors of f.
31
Suppose -60*u + 28*u + 116960 = 0. What are the prime factors of u?
5, 17, 43
Suppose -2*m + 0 = -4. Suppose t = m*t - 13. List the prime factors of t.
13
Let d(m) = -4*m - 8. Let o(f) = f - 12. Let k be o(5). Let t be d(k). Suppose 3*u + t = 7*u. What are the prime factors of u?
5
Suppose -l = 2*l - 1380. List the prime factors of l/8 + (-9)/(-6).
59
Let b be ((-42)/(-28))/((-1)/(-2)). Suppose b*g - 5*g = -12. Let i(p) = p**2 + p - 10. What are the prime factors of i(g)?
2
Let p(m) be the third derivative of 3*m**4/8 + 13*m**3/6 + 7*m**2. List the prime factors of p(16).
157
Let j(a) = 6*a - 8. Let h be j(2). Suppose -3*x = 2*t - 45, 4*t - h*x = t + 93. List the prime factors of t.
3
Let j = 13 - 10. Suppose -3*h - h - 22 = -j*c, c = 2. What are the prime factors of 27/3 - (h + 1)?
2, 3
What are the prime factors of 2/(-8) + (1431900/(-48))/(-25)?
1193
Let a(h) = -6*h**2 + 7*h + 5 + 0 - h**3 + 5*h**2. Let z be a(-4). Let j = -9 + z. List the prime factors of j.
2
List the prime factors of 1263 + (9 - 5) + 0.
7, 181
Let h be (-16)/3*(-15)/10. Suppose 3*m = h*m - 185. What are the prime factors of m?
37
Suppose -1268 - 2182 = 5*q + a, 5*q + 4*a = -3450. Let u = q - -975. List the prime factors of u.
3, 5, 19
List the prime factors of (6866/10)/((-83)/(-415)).
3433
Suppose -2*x - 2*x + 11 = -5*q, x - 5*q = -1. Suppose -x*o = 3*t - 16, -t = o - 8 + 1. What are the prime factors of t?
2, 3
Suppose -2961 = -53*t + 44*t. What are the prime factors of t?
7, 47
Suppose 8 = 4*l, -o - 2*l = o - 12. Suppose -5*f + 0*i + 374 = -4*i, 0 = o*f + 2*i - 294. What are the prime factors of f?
2, 37
Suppose 0 = b + 3*i + i - 15, 2*b = 3*i - 3. Suppose 7 = b*f + 1. Suppose -f*h + 66 = 2*p, -5*h + 200 = -6*p + 4*p. What are the prime factors of h?
2, 19
Suppose 10*y - 4*y - 8214 = 0. What are the prime factors of y?
37
Suppose 44*v = 39*v. Let u(s) = s + 10. Let w be u(-7). Suppose v = -w*d - 5 + 14. What are the prime factors of d?
3
Suppose -r - 4*v + 3067 = 0, 0 = 3*v - 4*v + 1. List the prime factors of r.
3, 1021
List the prime factors of 5/15 + (17808/9)/4.
3, 5, 11
Let c(i) = -i**3 - 6*i**2 + 3*i. Suppose 10*m - 6*m = 12. Suppose -3*a - m = 18. List the prime factors of c(a).
2, 7
Suppose -24*k - 105 = -5913. What are the prime factors of k?
2, 11
Let n = 665 + 734. What are the prime factors of n?
1399
Let y = 11 - 5. Suppose 0 = 2*a - y*a + 12. Suppose -2*p - 40 = -a*p. List the prime factors of p.
2, 5
Suppose -5*a - a = 48. Let h = a + 67. What are the prime factors of h?
59
Suppose -4*i + 1 = -163. Let z(j) = j**2 + 10*j + 5. Let h be z(-7). Let w = i + h. List the prime factors of w.
5
Let s(g) = 2208*g**3 - 2*g**2 - g + 3. What are the prime factors of s(1)?
2, 3, 23
Let k(n) = -n**3 - 6*n**2 + 5*n - 8. Suppose 0 = u - 3 - 1, u = -2*q - 12. Let p be k(q). Suppose 2*s = -2*s + p. List the prime factors of s.
2, 5
Let d = 89 + 743. What are the prime factors of d?
2, 13
Suppose 5*w + 135 = -20. Let j = w + 40. Suppose 5*k + 3*u = 371, 2*u = -j + 3. What are the prime factors of k?
2, 19
Suppose w = -2*f - 2*f + 9, -4*f = -2*w - 6. Suppose 0 = -v - 3*v - u + 197, 2*v - 106 = f*u. List the prime factors of v.
2, 5
Let x(k) = 2*k**2 - 18*k - 12. Let m be 14 + (3 - (2 + 2)). Let b be x(m). Suppose 5*l - b - 210 = -2*n, -3*l + 183 = 3*n. List the prime factors of l.
2, 3, 5
Suppose 0*a + a = 87. Let p = a - 44. What are the prime factors of p?
43
Let g(x) = 0 + x**2 + 3 + 5*x - 5*x - 4*x. List the prime factors of g(7).
2, 3
What are the prime factors of (-282)/470 - ((-48)/5 + 1)?
2
Suppose 4*d - 6*d = 0, 4*q - 124 = -3*d. Let w = q - -67. What are the prime factors of w?
2, 7
Let x be (-3)/2*(-30)/9. What are the prime factors of 4*x*(-45)/(-20)?
3, 5
Let j(i) = 13*i**2 - 5*i + 2. Let m(l) = l. Let h be 49/14*(-24)/(-14). Let c(p) = h*m(p) + j(p). What are the prime factors of c(-1)?
2, 7
Let w(a) = 52*a - 33. Let p(q) = -13*q + 8. Let f(k) = -9*p(k) - 2*w(k). List the prime factors of f(4).
2, 23
Suppose 51 - 3 = -12*r. Let t(x) = 4*x**2 - 25*x + 6. List the prime factors of t(r).
2, 5, 17
Let c(w) = -3*w - 6. Let l be c(-4). Suppose l*k - 2520 = k. What are the prime factors of k/30 + 1/5?
17
Suppose 41492 = 14*f + 11420. List the prime factors of f.
2, 3, 179
Suppose -d - 6 = -3*m, d + 6 = m + 8. List the prime factors of d.
2, 3
Let i(k) be the third derivative of -k**5/120 + 5*k**4/24 - 3*k**3/2 - k**2. Let h(w) be the first derivative of i(w). List the prime factors of h(0).
5
Suppose 4*w = -4*l + 1944, -1924 = -23*w + 19*w + l. List the prime factors of w.
2, 241
Suppose 0 = -j - 2*j + 24. Suppose -j - 58 = -6*t. List the prime factors of t.
11
Let w = -120 + -230. Let h = 594 + w. What are the prime factors of h?
2, 61
Let j(l) = 6*l**2 + 20*l + 88. List the prime factors of j(19).
2, 3, 439
Let n(m) = -25*m - 38. List the prime factors of n(-19).
19, 23
Let b(f) = -f**2 + 6*f - 3. Let s(a) = a**2 - 7*a + 2. Let m(n) = -5*b(n) - 4*s(n). Let r be m(4). Let h = r + -7. List the prime factors of h.
2
Let x(a) be the first derivative of 5*a**2/2 - a + 2. Let o(y) = y + 9. Let p be o(-8). List the prime factors of x(p).
2
Let k(x) = -3*x + 18. Let d be k(6). Suppose -3*u + 6 = d, -3*c + u = -476 - 2. List the prime factors of c.
2, 5
Suppose -3*c = -5*c + 3*p - 11, -4*c = -4*p + 12. List the prime factors of (-47)/c*(19 + -21).
47
Suppose 6*j - 9 = 9. Suppose j*z - 114 - 72 = 0. Let y = z + -38. What are the prime factors of y?
2, 3
Let j be (-4)/(-16) + (-11)/(-4). Let f = 19 - j. List the pr